{"id":141,"date":"2019-11-03T16:34:41","date_gmt":"2019-11-03T15:34:41","guid":{"rendered":"http:\/\/harmonieuniondelorette.be\/?page_id=141"},"modified":"2024-11-15T10:59:47","modified_gmt":"2024-11-15T09:59:47","slug":"direction","status":"publish","type":"page","link":"https:\/\/harmonieuniondelorette.be\/index.php\/direction\/","title":{"rendered":"Direction"},"content":{"rendered":"<div data-colibri-id=\"141-c1\" class=\"style-808 style-local-141-c1 position-relative\">\r\n  <!---->\r\n  <div data-colibri-component=\"section\" data-colibri-id=\"141-c2\" id=\"initial-content\" class=\"h-section h-section-global-spacing d-flex align-items-lg-center align-items-md-center align-items-center style-809 style-local-141-c2 position-relative\">\r\n    <!---->\r\n    <!---->\r\n    <div class=\"h-section-grid-container h-section-boxed-container\">\r\n      <!---->\r\n      <div data-colibri-id=\"141-c38\" class=\"h-row-container gutters-row-lg-2 gutters-row-md-2 gutters-row-0 gutters-row-v-lg-2 gutters-row-v-md-2 gutters-row-v-2 style-1061 style-local-141-c38 position-relative\">\r\n        <!---->\r\n        <div class=\"h-row justify-content-lg-center justify-content-md-center justify-content-center align-items-lg-stretch align-items-md-stretch align-items-stretch gutters-col-lg-2 gutters-col-md-2 gutters-col-0 gutters-col-v-lg-2 gutters-col-v-md-2 gutters-col-v-2\">\r\n          <!---->\r\n          <div class=\"h-column h-column-container d-flex h-col-lg-auto h-col-md-auto h-col-auto style-1062-outer style-local-141-c39-outer\">\r\n            <div data-colibri-id=\"141-c39\" class=\"d-flex h-flex-basis h-column__inner h-px-lg-2 h-px-md-2 h-px-2 v-inner-lg-2 v-inner-md-2 v-inner-2 style-1062 style-local-141-c39 position-relative\">\r\n              <!---->\r\n              <!---->\r\n              <div class=\"w-100 h-y-container h-column__content h-column__v-align flex-basis-100 align-self-lg-start align-self-md-start align-self-start\">\r\n                <!---->\r\n                <div data-colibri-id=\"141-c41\" class=\"h-text h-text-component style-1064 style-local-141-c41 position-relative h-element\">\r\n                  <!---->\r\n                  <!---->\r\n                  <div class=\"\">\r\n                    <p><span style=\"color: rgb(3, 169, 244); font-family: &quot;Open Sans&quot;; font-size: 36px; font-weight: 600;\">Directeur artistique<\/span><\/p>\r\n                  <\/div>\r\n                <\/div>\r\n              <\/div>\r\n            <\/div>\r\n          <\/div>\r\n        <\/div>\r\n      <\/div>\r\n      <div data-colibri-id=\"141-c34\" class=\"h-row-container gutters-row-lg-2 gutters-row-md-2 gutters-row-0 gutters-row-v-lg-2 gutters-row-v-md-2 gutters-row-v-2 style-1057 style-local-141-c34 position-relative\">\r\n        <!---->\r\n        <div class=\"h-row justify-content-lg-center justify-content-md-center justify-content-center align-items-lg-stretch align-items-md-stretch align-items-stretch gutters-col-lg-2 gutters-col-md-2 gutters-col-0 gutters-col-v-lg-2 gutters-col-v-md-2 gutters-col-v-2\">\r\n          <!---->\r\n          <div class=\"h-column h-column-container d-flex h-col-lg-auto h-col-md-auto h-col-auto style-1058-outer style-local-141-c35-outer\">\r\n            <div data-colibri-id=\"141-c35\" class=\"d-flex h-flex-basis h-column__inner h-px-lg-2 h-px-md-2 h-px-2 v-inner-lg-2 v-inner-md-2 v-inner-2 style-1058 style-local-141-c35 position-relative\">\r\n              <!---->\r\n              <!---->\r\n              <div class=\"w-100 h-y-container h-column__content h-column__v-align flex-basis-100 align-self-lg-start align-self-md-start align-self-start\">\r\n                <!---->\r\n                <div data-colibri-id=\"141-c44\" class=\"h-text h-text-component style-1067 style-local-141-c44 position-relative h-element\">\r\n                  <!---->\r\n                  <!---->\r\n                  <div class=\"\">\r\n                    <p>C\u00e9dric Degouys<\/p>\r\n                  <\/div>\r\n                <\/div>\r\n                <div data-colibri-id=\"141-c47\" class=\"d-block style-1070 style-local-141-c47 position-relative h-element\">\r\n                  <!---->\r\n                  <div class=\"h-image__frame-container-outer\">\r\n                    <div class=\"h-image__frame-container\">\r\n                      <!---->\r\n                      <!---->\r\n                      <img loading=\"lazy\" decoding=\"async\" width=\"801\" height=\"801\" src=\"https:\/\/harmonieuniondelorette.be\/wp-content\/uploads\/2023\/10\/cropped-cropped-Festival-des-fanfares-22.jpg\" class=\"wp-image-2060 style-1070-image style-local-141-c47-image\" alt=\"\" srcset=\"https:\/\/harmonieuniondelorette.be\/wp-content\/uploads\/2023\/10\/cropped-cropped-Festival-des-fanfares-22.jpg 801w, https:\/\/harmonieuniondelorette.be\/wp-content\/uploads\/2023\/10\/cropped-cropped-Festival-des-fanfares-22-300x300.jpg 300w, https:\/\/harmonieuniondelorette.be\/wp-content\/uploads\/2023\/10\/cropped-cropped-Festival-des-fanfares-22-150x150.jpg 150w, https:\/\/harmonieuniondelorette.be\/wp-content\/uploads\/2023\/10\/cropped-cropped-Festival-des-fanfares-22-768x768.jpg 768w\" sizes=\"auto, (max-width: 801px) 100vw, 801px\" \/>\r\n                      <div class=\"h-image__frame h-hide-lg h-hide-md h-hide-sm style-1070-frameImage style-local-141-c47-frameImage\"><\/div>\r\n                    <\/div>\r\n                  <\/div>\r\n                <\/div>\r\n              <\/div>\r\n            <\/div>\r\n          <\/div>\r\n          <div class=\"h-column h-column-container d-flex h-col-lg-auto h-col-md-auto h-col-auto style-1059-outer style-local-141-c36-outer\">\r\n            <div data-colibri-id=\"141-c36\" class=\"d-flex h-flex-basis h-column__inner h-ui-empty-state-container h-px-lg-2 h-px-md-2 h-px-2 v-inner-lg-2 v-inner-md-2 v-inner-2 style-1059 style-local-141-c36 position-relative\">\r\n              <!---->\r\n              <!---->\r\n              <div class=\"w-100 h-y-container h-column__content h-column__v-align flex-basis-100\">\r\n                <!---->\r\n              <\/div>\r\n            <\/div>\r\n          <\/div>\r\n          <div class=\"h-column h-column-container d-flex h-col-lg-auto h-col-md-auto h-col-auto style-1060-outer style-local-141-c37-outer\">\r\n            <div data-colibri-id=\"141-c37\" class=\"d-flex h-flex-basis h-column__inner h-px-lg-2 h-px-md-2 h-px-2 v-inner-lg-2 v-inner-md-2 v-inner-2 style-1060 style-local-141-c37 position-relative\">\r\n              <!---->\r\n              <!---->\r\n              <div class=\"w-100 h-y-container h-column__content h-column__v-align flex-basis-100 align-self-lg-start align-self-md-start align-self-start\">\r\n                <!---->\r\n                <div data-colibri-id=\"141-c43\" class=\"h-text h-text-component style-1066 style-local-141-c43 position-relative h-element\">\r\n                  <!---->\r\n                  <!---->\r\n                  <div class=\"\">\r\n                    <p>N\u00e9 dans une famille de musiciens, C\u00e9dric Degouys entame son parcours musical d\u00e8s l\u2019\u00e2ge de cinq ans dans la fanfare de son village.<\/p>\r\n                    <p>El\u00e8ve polyvalent, il int\u00e8gre l\u2019Acad\u00e9mie d\u2019Ath o\u00f9 il apprend les percussions dans la classe de M. Louison Renault, la trompette dans la classe de M. Michel Verheylewegen, le trombone dans la classe de M.Thierry Meurisse, le carillon\r\n                      dans la classe de M. Jean- Claude Molle et le piano dans la classe de M. Walter Denis.<\/p>\r\n                    <p>Apr\u00e8s des \u00e9tudes en photographie et audio-visuel, il prend le chemin des Conservatoires de Bruxelles et Li\u00e8ge ou il obtient un 1er prix de Percussion et de Musique de Chambre ainsi que le Certificat d\u2019aptitude \u00e0 l\u2019enseignement de la\r\n                      percussion. Il a \u00e9galement suivi les cours de Jazz au Conservatoire de Bruxelles dans la classe de M. Bruno Castellucci.<\/p>\r\n                    <p>Plus r\u00e9cemment, il obtiendra un Master didactique sp\u00e9cialit\u00e9 Percussion \u00e0 l\u2019Institut Royal de Musique et P\u00e9dagogie de Namur (IMEP).<\/p>\r\n                    <p>Toute aussi diversifi\u00e9e est la liste des ensembles o\u00f9 il a jou\u00e9 ou joue encore actuellement : le West Music Club, le Big Band de Jean-Pierre Sarot, le Melodic Jazz Band, le grand orchestre d\u2019Helmut Lotti, le Brussels Philarmonic Orchestra,\r\n                      l\u2019American Theater Company, The Brussels Light Orchestra, l\u2019orchestre Hainaut Picardie, le Brass Band Echo des Charmilles de Xhoffraix (Malmedy),\u2026<\/p>\r\n                    <p>Fort de cette riche exp\u00e9rience, C\u00e9dric est actuellement Directeur adjoint de l\u2019acad\u00e9mie d\u2019Ath o\u00f9 il y dirige \u00e9galement l\u2019ensemble instrumental.<\/p>\r\n                    <p>C\u00e9dric a assum\u00e9 \u00e9galement la direction de la fanfare \u00ab Les Bons Amis \u00bb de Frasnes-Lez- Anvaing de 2001 \u00e0 2005 et la fanfare St Ursmer d\u2019Ormeignies de 2014 \u00e0 2022.<\/p>\r\n                    <p>C\u00e9dric assume d\u00e9sormais avec beaucoup de plaisir la direction de l\u2019Harmonie Royal l\u2019Union de Lorette depuis janvier 2023.<\/p>\r\n                    <p>\r\n                      <br>\r\n                    <\/p>\r\n                  <\/div>\r\n                <\/div>\r\n              <\/div>\r\n            <\/div>\r\n          <\/div>\r\n        <\/div>\r\n      <\/div>\r\n      <div data-colibri-id=\"141-c13\" class=\"h-row-container gutters-row-lg-1 gutters-row-md-1 gutters-row-0 gutters-row-v-lg-1 gutters-row-v-md-1 gutters-row-v-1 style-896 style-local-141-c13 position-relative\">\r\n        <!---->\r\n        <div class=\"h-row justify-content-lg-center justify-content-md-center justify-content-center align-items-lg-stretch align-items-md-stretch align-items-stretch gutters-col-lg-1 gutters-col-md-1 gutters-col-0 gutters-col-v-lg-1 gutters-col-v-md-1 gutters-col-v-1\">\r\n          <!---->\r\n          <div class=\"h-column h-column-container d-flex h-col-lg-auto h-col-md-auto h-col-auto style-1053-outer style-local-141-c30-outer\">\r\n            <div data-colibri-id=\"141-c30\" class=\"d-flex h-flex-basis h-column__inner h-px-lg-2 h-px-md-2 h-px-2 v-inner-lg-2 v-inner-md-2 v-inner-2 style-1053 style-local-141-c30 position-relative\">\r\n              <!---->\r\n              <!---->\r\n              <div class=\"w-100 h-y-container h-column__content h-column__v-align flex-basis-100 align-self-lg-start align-self-md-start align-self-start\">\r\n                <!---->\r\n                <div data-colibri-id=\"141-c42\" class=\"h-text h-text-component style-1065 style-local-141-c42 position-relative h-element\">\r\n                  <!---->\r\n                  <!---->\r\n                  <div class=\"\">\r\n                    <p><span style=\"font-weight: 600; font-size: 36px; font-family: &quot;Open Sans&quot;; color: rgb(3, 169, 244);\">Directeur artistique adjoint<\/span><\/p>\r\n                  <\/div>\r\n                <\/div>\r\n              <\/div>\r\n            <\/div>\r\n          <\/div>\r\n        <\/div>\r\n      <\/div>\r\n      <div data-colibri-id=\"141-c16\" class=\"h-row-container gutters-row-lg-2 gutters-row-md-2 gutters-row-0 gutters-row-v-lg-2 gutters-row-v-md-2 gutters-row-v-2 style-871 style-local-141-c16 position-relative\">\r\n        <!---->\r\n        <div class=\"h-row justify-content-lg-start justify-content-md-start justify-content-start align-items-lg-stretch align-items-md-stretch align-items-stretch gutters-col-lg-2 gutters-col-md-2 gutters-col-0 gutters-col-v-lg-2 gutters-col-v-md-2 gutters-col-v-2\">\r\n          <!---->\r\n          <div class=\"h-column h-column-container d-flex h-col-lg-auto h-col-md-auto h-col-auto style-872-outer style-local-141-c17-outer\">\r\n            <div data-colibri-id=\"141-c17\" class=\"d-flex h-flex-basis h-column__inner h-px-lg-0 h-px-md-0 h-px-0 v-inner-lg-0 v-inner-md-0 v-inner-0 style-872 style-local-141-c17 position-relative\">\r\n              <!---->\r\n              <!---->\r\n              <div class=\"w-100 h-y-container h-column__content h-column__v-align flex-basis-100 align-self-lg-start align-self-md-start align-self-start\">\r\n                <!---->\r\n                <div data-colibri-id=\"141-c18\" class=\"h-lead h-text h-text-component style-874 style-local-141-c18 position-relative h-element\">\r\n                  <!---->\r\n                  <!---->\r\n                  <div class=\"\">\r\n                    <p>Fr\u00e9d\u00e9ric Dupont<\/p>\r\n                    <p>\r\n                      <br>\r\n                    <\/p>\r\n                  <\/div>\r\n                <\/div>\r\n                <div data-colibri-id=\"141-c19\" class=\"d-block style-879 style-local-141-c19 position-relative h-element\">\r\n                  <!---->\r\n                  <div class=\"h-image__frame-container-outer\">\r\n                    <div class=\"h-image__frame-container\">\r\n                      <!---->\r\n                      <!---->\r\n                      <img decoding=\"async\" src=\"https:\/\/harmonieuniondelorette.be\/wp-content\/uploads\/2019\/11\/cropped-cropped-Fred_Dupont_200.jpg\" class=\"style-879-image style-local-141-c19-image\">\r\n                      <div class=\"h-image__frame h-hide-lg h-hide-md h-hide-sm style-879-frameImage style-local-141-c19-frameImage\"><\/div>\r\n                    <\/div>\r\n                  <\/div>\r\n                <\/div>\r\n              <\/div>\r\n            <\/div>\r\n          <\/div>\r\n          <div class=\"h-column h-column-container d-flex h-col-lg-auto h-col-md-auto h-col-auto style-881-outer style-local-141-c20-outer\">\r\n            <div data-colibri-id=\"141-c20\" class=\"d-flex h-flex-basis h-column__inner h-ui-empty-state-container h-px-lg-0 h-px-md-0 h-px-0 v-inner-lg-0 v-inner-md-0 v-inner-0 style-881 style-local-141-c20 position-relative\">\r\n              <!---->\r\n              <!---->\r\n              <div class=\"w-100 h-y-container h-column__content h-column__v-align flex-basis-100\">\r\n                <!---->\r\n              <\/div>\r\n            <\/div>\r\n          <\/div>\r\n          <div class=\"h-column h-column-container d-flex h-col-lg-auto h-col-md-auto h-col-auto style-883-outer style-local-141-c21-outer\">\r\n            <div data-colibri-id=\"141-c21\" class=\"d-flex h-flex-basis h-column__inner h-px-lg-0 h-px-md-0 h-px-0 v-inner-lg-0 v-inner-md-0 v-inner-0 style-883 style-local-141-c21 position-relative\">\r\n              <!---->\r\n              <!---->\r\n              <div class=\"w-100 h-y-container h-column__content h-column__v-align flex-basis-100 align-self-lg-start align-self-md-start align-self-start\">\r\n                <!---->\r\n                <div data-colibri-id=\"141-c22\" class=\"h-text h-text-component style-885 style-local-141-c22 position-relative h-element\">\r\n                  <!---->\r\n                  <!---->\r\n                  <div class=\"\">\r\n                    <p>Originiaire d\u2019Ath, Fr\u00e9d\u00e9ric Dupont a d\u00e9but\u00e9 ses \u00e9tudes musicales \u00e0 l\u2019Acad\u00e9mie de musique de la ville. Il est alors \u00e9l\u00e8ve dans les classes de hautbois de Monsieur Rapha\u00ebl Hertsens, de percussions de Monsieur Louison Renault et de musique\r\n                      de chambre sous la direction de Monsieur Thierry Meurisse.<\/p>\r\n                    <p>Il poursuivra son cursus sup\u00e9rieur au Conservatoire Royal de Musique de Mons o\u00f9 il obtient son Premier Prix de hautbois et son Second Prix de percussions.<\/p>\r\n                    <p>Musicien passionn\u00e9, Fr\u00e9d\u00e9ric Dupont a jou\u00e9 dans diff\u00e9rents orchestres professionnels et amateurs, dont, entres autres, l\u2019orchestre de vari\u00e9t\u00e9s issue de Lorette, \u00abGarden Party\u00bb qui a \u00e9t\u00e9 dirig\u00e9 par Monsieur Rapha\u00ebl Hertsens.<\/p>\r\n                    <p>Par ailleurs, il a \u00e9t\u00e9 professeur de hautbois au sein des Acad\u00e9mies de Musique d\u2019Ath et de Saint-Ghislain.<\/p>\r\n                  <\/div>\r\n                <\/div>\r\n              <\/div>\r\n            <\/div>\r\n          <\/div>\r\n        <\/div>\r\n      <\/div>\r\n    <\/div>\r\n  <\/div>\r\n<\/div>","protected":false},"excerpt":{"rendered":"<p>Directeur artistique C\u00e9dric Degouys N\u00e9 dans une famille de musiciens, C\u00e9dric Degouys entame son parcours musical d\u00e8s l\u2019\u00e2ge de cinq ans dans la fanfare de son village. El\u00e8ve polyvalent, il int\u00e8gre l\u2019Acad\u00e9mie d\u2019Ath o\u00f9 il apprend les percussions dans la classe de M. Louison Renault, la trompette dans la classe de M. Michel Verheylewegen, le [&hellip;]<\/p>\n","protected":false},"author":1,"featured_media":0,"parent":0,"menu_order":3,"comment_status":"closed","ping_status":"closed","template":"page-templates\/full-width-page.php","meta":{"footnotes":""},"class_list":["post-141","page","type-page","status-publish","hentry"],"_links":{"self":[{"href":"https:\/\/harmonieuniondelorette.be\/index.php\/wp-json\/wp\/v2\/pages\/141","targetHints":{"allow":["GET"]}}],"collection":[{"href":"https:\/\/harmonieuniondelorette.be\/index.php\/wp-json\/wp\/v2\/pages"}],"about":[{"href":"https:\/\/harmonieuniondelorette.be\/index.php\/wp-json\/wp\/v2\/types\/page"}],"author":[{"embeddable":true,"href":"https:\/\/harmonieuniondelorette.be\/index.php\/wp-json\/wp\/v2\/users\/1"}],"replies":[{"embeddable":true,"href":"https:\/\/harmonieuniondelorette.be\/index.php\/wp-json\/wp\/v2\/comments?post=141"}],"version-history":[{"count":20,"href":"https:\/\/harmonieuniondelorette.be\/index.php\/wp-json\/wp\/v2\/pages\/141\/revisions"}],"predecessor-version":[{"id":2062,"href":"https:\/\/harmonieuniondelorette.be\/index.php\/wp-json\/wp\/v2\/pages\/141\/revisions\/2062"}],"wp:attachment":[{"href":"https:\/\/harmonieuniondelorette.be\/index.php\/wp-json\/wp\/v2\/media?parent=141"}],"curies":[{"name":"wp","href":"https:\/\/api.w.org\/{rel}","templated":true}]}}